e
Does 123 divide 12300?
True
Is 212 a multiple of 10?
False
Is 12762 a multiple of 9?
True
Does 224 divide 58433?
False
Is 7 a factor of 1323?
True
Is 1872 a multiple of 8?
True
Is 2328 a multiple of 24?
True
Does 46 divide 644?
True
Is 18 a factor of 14868?
True
Is 7250 a multiple of 25?
True
Is 3 a factor of 534?
True
Is 2940 a multiple of 98?
True
Is 369 a multiple of 9?
True
Does 13 divide 6223?
False
Is 37 a factor of 1443?
True
Is 72 a factor of 2088?
True
Is 4420 a multiple of 10?
True
Is 19 a factor of 3832?
False
Is 47 a factor of 1123?
False
Is 56 a factor of 89824?
True
Is 58 a factor of 19130?
False
Does 4 divide 432?
True
Is 146 a factor of 1752?
True
Does 6 divide 130?
False
Does 5 divide 2515?
True
Is 1290 a multiple of 24?
False
Is 3687 a multiple of 96?
False
Is 2508 a multiple of 38?
True
Is 4377 a multiple of 12?
False
Does 29 divide 87?
True
Is 21 a factor of 2100?
True
Does 13 divide 5460?
True
Is 43 a factor of 1819?
False
Is 23 a factor of 899?
False
Does 60 divide 22556?
False
Is 32010 a multiple of 97?
True
Does 35 divide 2135?
True
Is 29 a factor of 2411?
False
Does 43 divide 1350?
False
Is 6018 a multiple of 59?
True
Is 51 a factor of 1994?
False
Does 2 divide 478?
True
Is 1122 a multiple of 102?
True
Is 121 a factor of 866?
False
Is 7 a factor of 119?
True
Is 117 a factor of 6953?
False
Does 150 divide 51600?
True
Does 12 divide 121?
False
Is 10 a factor of 9439?
False
Does 13 divide 8216?
True
Is 34 a factor of 1292?
True
Is 283 a factor of 10754?
True
Does 19 divide 2260?
False
Does 23 divide 443?
False
Is 1220 a multiple of 20?
True
Is 3820 a multiple of 2?
True
Is 12 a factor of 151944?
True
Is 34 a factor of 136?
True
Is 12 a factor of 660?
True
Is 55 a multiple of 5?
True
Is 14 a factor of 4676?
True
Does 166 divide 6813?
False
Does 28 divide 15344?
True
Is 14 a factor of 168?
True
Is 27296 a multiple of 15?
False
Does 27 divide 3672?
True
Is 12 a factor of 660?
True
Does 18 divide 1566?
True
Does 63 divide 3654?
True
Is 46035 a multiple of 55?
True
Does 76 divide 2752?
False
Is 11 a factor of 759?
True
Is 35 a factor of 7385?
True
Is 30 a factor of 273?
False
Is 40 a multiple of 2?
True
Is 3608 a multiple of 30?
False
Is 540 a multiple of 5?
True
Is 11 a factor of 34654?
False
Is 79 a factor of 11218?
True
Does 85 divide 9275?
False
Does 53 divide 1908?
True
Is 3 a factor of 473?
False
Is 10 a factor of 58080?
True
Does 71 divide 994?
True
Does 10 divide 12220?
True
Is 19701 a multiple of 33?
True
Is 19 a factor of 8781?
False
Does 96 divide 1202?
False
Is 2160 a multiple of 32?
False
Is 8 a factor of 176?
True
Is 7494 a multiple of 2?
True
Does 13 divide 1111?
False
Is 1244 a multiple of 229?
False
Is 30 a factor of 14430?
True
Is 50006 a multiple of 22?
True
Does 3 divide 210?
True
Is 2620 a multiple of 25?
False
Is 16086 a multiple of 5?
False
Is 64 a factor of 1984?
True
Does 52 divide 260?
True
Is 3632 a multiple of 79?
False
Does 20 divide 1000?
True
Does 18 divide 2112?
False
Is 1816 a multiple of 4?
True
Is 7320 a multiple of 60?
True
Does 21 divide 1764?
True
Is 13643 a multiple of 91?
False
Does 13 divide 5928?
True
Is 21 a factor of 893?
False
Is 176 a factor of 85194?
False
Is 28 a factor of 1540?
True
Is 1594 a multiple of 10?
False
Is 32 a factor of 34627?
False
Is 2 a factor of 197?
False
Does 25 divide 27229?
False
Is 54 a factor of 6519?
False
Is 2826 a multiple of 18?
True
Is 1001 a multiple of 11?
True
Is 115 a factor of 6325?
True
Is 130 a factor of 4940?
True
Is 4 a factor of 1364?
True
Is 193 a multiple of 6?
False
Does 363 divide 34322?
False
Is 6 a factor of 706?
False
Is 2 a factor of 141?
False
Is 21 a factor of 1659?
True
Is 4 a factor of 280?
True
Does 126 divide 40691?
False
Is 5010 a multiple of 2?
True
Is 11 a factor of 3078?
False
Is 4 a factor of 3785?
False
Does 29 divide 3890?
False
Is 87 a factor of 7199?
False
Does 48 divide 915?
False
Does 15 divide 23553?
False
Is 812 a multiple of 6?
False
Does 139 divide 695?
True
Is 70 a factor of 2367?
False
Is 14 a factor of 19516?
True
Does 42 divide 2100?
True
Does 8 divide 1608?
True
Is 19995 a multiple of 29?
False
Is 202 a multiple of 4?
False
Is 34 a factor of 12796?
False
Is 6 a factor of 1956?
True
Is 693 a multiple of 21?
True
Is 72 a factor of 2880?
True
Is 7155 a multiple of 9?
True
Is 3348 a multiple of 34?
False
Is 7 a factor of 308?
True
Is 20612 a multiple of 13?
False
Does 6 divide 17065?
False
Is 16897 a multiple of 26?
False
Is 30 a factor of 8271?
False
Does 18 divide 6337?
False
Is 3561 a multiple of 9?
False
Does 4 divide 22668?
True
Is 19046 a multiple of 4?
False
Is 112 a factor of 65632?
True
Is 40 a factor of 720?
True
Is 225 a multiple of 45?
True
Is 540 a multiple of 4?
True
Is 1378 a multiple of 13?
True
Does 12 divide 96?
True
Is 2 a factor of 15?
False
Is 1035 a multiple of 23?
True
Is 25 a factor of 565?
False
Does 58 divide 46259?
False
Is 2 a factor of 8221?
False
Is 468 a multiple of 39?
True
Does 29 divide 58?
True
Does 7 divide 13144?
False
Is 655 a multiple of 48?
False
Is 3 a factor of 15729?
True
Is 15 a factor of 330?
True
Does 21 divide 1253?
False
Is 671 a multiple of 11?
True
Is 54 a factor of 4158?
True
Is 29 a factor of 21700?
False
Does 19 divide 722?
True
Does 40 divide 16537?
False
Is 6027 a multiple of 49?
True
Is 14 a factor of 2543?
False
Is 22 a factor of 3834?
False
Is 7162 a multiple of 134?
False
Is 78 a multiple of 63?
False
Does 62 divide 372?
True
Does 8 divide 366?
False
Does 37 divide 1789?
False
Is 4321 a multiple of 43?
False
Is 8473 a multiple of 42?
False
Is 10 a factor of 440?
True
Is 85 a factor of 20407?
False
Is 30 a factor of 290?
False
Is 9337 a multiple of 9?
False
Is 8 a factor of 1340?
False
Is 2325 a multiple of 19?
False
Is 516 a multiple of 4?
True
Is 25 a factor of 2044?
False
Is 597 a multiple of 41?
False
Does 23 divide 21302?
False
Is 87 a factor of 21395?
False
Is 1200 a multiple of 8?
True
Does 72 divide 1762?
False
Is 17 a factor of 748?
True
Does 4 divide 256?
True
Is 7912 a multiple of 86?
True
Is 17937 a multiple of 73?
False
Is 38 a factor of 59356?
True
Is 7 a factor of 210?
True
Is 23 a factor of 60191?
True
Is 22 a factor of 1612?
False
Is 126 a factor of 8630?
False
Is 14 a factor of 2044?
True
Is 33 a factor of 31570?
False
Is 20100 a multiple of 100?
True
Does 7 divide 124?
False
Does 9 divide 923?
False
Is 8480 a multiple of 64?
False
Does 18 divide 89?
False
Is 139 a multiple of 11?
False
Does 7 divide 143?
False
Is 12 a factor of 34668?
True
Is 21 a factor of 1946?
False
Is 8 a factor of 2333?
False
Does 24 divide 144?
True
Is 25 a factor of 275?
True
Does 12 divide 5641?
False
Does 11 divide 330?
True
Does 137 divide 7113?
False
Is 8792 a multiple of 22?
False
Does 30 divide 789?
False
Is 1588 a multiple of 18?
False
Is 1645 a multiple of 75?
False
Is 18636 a multiple of 12?
True
Is 12 a factor of 3244?
False
Is 2440 a multiple of 49?
False
Does 26 divide 1924?
True
Is 21616 a multiple of 16?
True
Does 13 divide 23066?
False
Is 37 a factor of 2516?
True
Is 156 a multiple of 26?
True
Is 28 a factor of 1036?
True
Is 840 a multiple of 28?
True
Is 136 a factor of 44895?
False
Does 130 divide 30002?
False
Is 87 a factor of 69339?
True
Is 12 a factor of 5808?
True
Does 61 divide 2479?
False
Is 24 a factor of 2160?
True
Is 61 a factor of 106994?
True
Does 54 divide 71118?
True
Does 28 divide 37891?
False
Does 19 divide 790?
False
Is 1811 a multiple of 3?
False
Does 77 divide 19635?
True
Does 14 divide 38211?
False
Is 2 a factor of 260?
True
Does 16 divide 36784?
True
Does 26 divide 52?
True
Is 17232 a multiple of 9?
False
Does 65 divide 3705?
True
Is 35 a factor of 2030?
True
Does 2 divide 1147?
False
Is 1362 a multiple of 27?
False
Does 132 divide 6209?
False
Is 38317 a multiple of 7?
False
Is 2123 a multiple of 68?
False
Does 25 divide 1775?
True
Does 44 divide 8344?
False
Does 15 divide 2383?
False
Is 7 a factor of 1316?
True
Does 68 divide 3264?
True
Does 14 divide 1338?
False
Does 39 divide 9425?
False
Is 52 a factor of 2080?
True
Is 21 a factor of 35285?
False
Does 94 divide 888?
False
Is 240 a multiple of 16?
True
Is 20 a factor of 4247?
False
Is 1104 a multiple of 24?
True
Is 102 a factor of 132579?
False
Is 26 a factor of 43680?
